
Let n(h) = h**3 - 12*h**2 + 13*h - 1. What is n(7)?
-155
Let a(l) = -l**3 + 14*l**2 - 32*l + 331. Give a(13).
84
Let s(p) = 79*p**3 + 4*p**2 + 40*p - 43. Calculate s(1).
80
Let x(k) = k**2 + 55*k + 25. Determine x(-38).
-621
Let m(p) = 55*p - 282. Determine m(5).
-7
Let k(j) = -j**2 - 85*j - 1827. Give k(-34).
-93
Let z(m) = m**3 + 16*m**2 - m - 16. Give z(-16).
0
Let a(v) = 11*v + 3. What is a(1)?
14
Let x(v) = -467*v - 9038. Give x(-19).
-165
Let r(f) = -21*f - 1752. Give r(-77).
-135
Let o(q) = -8*q**2 - 295*q - 1675. Calculate o(-7).
-2
Let f(u) = 2*u**3 - 64*u**2 - u + 67. Calculate f(32).
35
Let q(x) = -x**2 - 21*x - 8. Give q(-19).
30
Let x(l) = l**3 + 27*l**2 - 9*l - 57. Determine x(-27).
186
Let a(z) = 17*z**2 - 21*z - 68. Determine a(-3).
148
Let s(n) = 17*n**3 - 116*n**2 - 37*n + 112. Calculate s(7).
0
Let c(z) = z**3 + 9*z**2 - 6*z - 64. Calculate c(-9).
-10
Let w(s) = -139*s - 1113. What is w(-8)?
-1
Let k(n) = -10*n - 241. What is k(-33)?
89
Let q(r) = -r**3 + 8*r**2 - 9*r + 42. Calculate q(8).
-30
Let i(y) = -y**2 + 31*y - 51. Calculate i(30).
-21
Let j(y) = y**3 + 22*y**2 - 508*y + 60. Determine j(14).
4
Let m(g) = 1917*g + 30. What is m(0)?
30
Let t(y) = -6*y - 46. What is t(-3)?
-28
Let b(h) = -14*h**2 + 89*h - 125. Give b(5).
-30
Let h(z) = -z**3 - 54*z**2 + 43*z + 2318. Determine h(-54).
-4
Let z(t) = 62*t - 694. Determine z(11).
-12
Let p(h) = -31*h**3 - 32*h**2 + 67*h - 5. Determine p(2).
-247
Let f(l) = -105*l + 2102. What is f(20)?
2
Let z(o) = -o**2 - 312*o - 2481. Give z(-8).
-49
Let v(t) = -43*t**2 + 307*t + 3. Determine v(7).
45
Let h(l) = 11*l**2 + 89*l - 76. Give h(-9).
14
Let g(b) = b**2 + 189*b + 2288. Determine g(-176).
0
Let n(y) = -304*y**2 + 912*y - 5. What is n(3)?
-5
Let n(k) = 43*k - 3439. Give n(80).
1
Let v(f) = f**2 + 15*f - 74. Give v(-19).
2
Let k(d) = d**2 - 120*d - 4725. Calculate k(151).
-44
Let l(g) = g**2 - g + 156. What is l(0)?
156
Let s(w) = -w**3 + 80*w**2 + 165*w - 78. Give s(82).
4
Let m(h) = h**3 - 5*h**2 - 139*h + 691. Determine m(5).
-4
Let q(f) = -740*f + 2244. Calculate q(3).
24
Let n(i) = -i**3 + 11*i**2 - 34*i + 97. Give n(8).
17
Let w(a) = -33*a**2 + 59*a - 53. Determine w(1).
-27
Let o(t) = 228*t + 1229. Give o(-6).
-139
Let r(m) = m**2 - 220*m + 11576. Calculate r(87).
5
Let l(b) = 57*b + 1818. Determine l(-32).
-6
Let c(y) = 7*y**2 - 145*y + 597. Give c(4).
129
Let q(m) = -2*m**3 + 4*m**2 + 40*m - 87. Give q(2).
-7
Let u(p) = p**3 + p**2 - 109*p + 17. Determine u(-11).
6
Let n(b) = -b**3 - 31*b**2 - 207*b + 12. Give n(-10).
-18
Let i(u) = 36*u**2 + 3*u + 2. What is i(-1)?
35
Let j(y) = y**3 + 25*y**2 - 88*y - 132. What is j(-28)?
-20
Let t(y) = y**3 - 19*y**2 - 65*y - 611. Determine t(23).
10
Let n(c) = -599*c + 2360. What is n(4)?
-36
Let w(c) = -10*c + 44. Determine w(13).
-86
Let s(q) = -q**3 + 6*q**2 + 108*q - 442. Give s(12).
-10
Let m(t) = -2*t**2 - 2*t - 130. Calculate m(19).
-890
Let r(j) = -96*j**2 - 4414*j + 94. Calculate r(-46).
2
Let s(t) = -4*t**2 - 36*t - 16. What is s(-15)?
-376
Let c(l) = -41*l + 2625. What is c(64)?
1
Let w(d) = -2*d**2 - 17*d + 40. What is w(-11)?
-15
Let s(i) = i**3 + 15*i**2 + 155*i + 1711. Calculate s(-13).
34
Let y(h) = -59*h**2 + 40*h + 75. Calculate y(-2).
-241
Let y(x) = 60*x**3 + 843*x**2 + 39*x - 40. What is y(-14)?
2
Let k(x) = -x**2 - 54*x + 392. What is k(-60)?
32
Let q(f) = -11*f**2 + 14*f - 3. Calculate q(2).
-19
Let c(v) = -v**3 + 77*v**2 - 1428*v + 59. Determine c(31).
-3
Let w(p) = 44*p - 1219. Determine w(24).
-163
Let c(n) = -n**2 + 13*n + 4. Give c(11).
26
Let b(y) = 54*y - 13. Give b(-2).
-121
Let l(q) = q**2 - 10*q + 40. Give l(16).
136
Let k(z) = 180*z + 1594. Give k(-8).
154
Let x(c) = 9*c**2 + 111*c - 6288. Determine x(21).
12
Let l(s) = -s**3 - 42*s**2 - 17*s - 719. Give l(-42).
-5
Let p(v) = 66*v + 1446. Determine p(-22).
-6
Let i(y) = 3*y**3 + 9*y + 7. Calculate i(0).
7
Let b(z) = 84*z + 2420. Calculate b(-27).
152
Let f(w) = -2*w**3 + 7*w**2 + 12*w - 62. Give f(5).
-77
Let o(l) = 6*l**3 - 3*l**2 - 4. Determine o(-2).
-64
Let g(v) = 2*v**2 + 69*v + 588. What is g(-15)?
3
Let x(i) = -i**3 + 42*i**2 + 452*i + 18. Give x(51).
-339
Let f(d) = -2*d**3 - 14*d**2 - 6*d + 38. Determine f(-5).
-32
Let m(a) = 51*a + 18. Calculate m(-5).
-237
Let q(f) = -2*f**2 + 91*f - 549. Give q(40).
-109
Let p(x) = -x**3 - 24*x**2 + 22*x + 45. Determine p(-25).
120
Let k(o) = -o**2 - 28*o + 1440. Calculate k(28).
-128
Let x(l) = 141*l - 7751. Determine x(55).
4
Let c(a) = 2*a**3 + 437*a**2 + 4170*a - 2. Give c(-10).
-2
Let v(w) = -777*w - 3115. Give v(-4).
-7
Let k(z) = z**3 - 95*z**2 - 84*z - 1156. Determine k(96).
-4
Let z(d) = 5689*d - 159291. Give z(28).
1
Let w(j) = 1108*j + 38784. Calculate w(-35).
4
Let j(l) = -514*l + 3604. Determine j(7).
6
Let p(h) = -h**2 - h + 122. What is p(9)?
32
Let i(n) = -18*n + 55. Give i(3).
1
Let w(c) = -2*c + 128. What is w(16)?
96
Let y(a) = a**2 - 20*a - 945. What is y(-21)?
-84
Let g(o) = -39*o - 1219. Calculate g(-31).
-10
Let r(u) = 46*u - 12. What is r(-3)?
-150
Let d(x) = 5*x - 170. Calculate d(-11).
-225
Let j(m) = m**2 - 66*m - 210. Determine j(69).
-3
Let g(r) = -r**2 - 7*r + 235. Determine g(13).
-25
Let t(b) = 19*b + 433. Determine t(-36).
-251
Let a(n) = 232*n - 918. Determine a(4).
10
Let g(y) = -73*y - 91. What is g(-3)?
128
Let m(l) = 82*l**3 + 6*l**2 - 5. Give m(-1).
-81
Let h(l) = -l**3 - 14*l**2 - 18*l - 56. Calculate h(-13).
9
Let g(r) = 408*r - 4071. Give g(10).
9
Let i(b) = b**3 - 57*b**2 - 440*b + 54. What is i(-7)?
-2
Let i(q) = 4*q**2 - 3*q - 351. Calculate i(-12).
261
Let x(j) = -15*j**3 + 2*j**2 + 7*j + 12. Determine x(-2).
126
Let i(u) = -u**2 - 17*u - 55. Determine i(-24).
-223
Let m(r) = 4*r**2 + 25*r + 29. What is m(-4)?
-7
Let a(j) = 6*j**3 + 65*j**2 + 19*j + 15. Give a(-10).
325
Let r(o) = 2*o**3 + 80*o**2 + 47*o - 1173. Give r(-39).
36
Let z(k) = k**2 - 13202*k + 39595. Calculate z(3).
-2
Let b(m) = -56*m + 209. Calculate b(3).
41
Let u(w) = -w**2 + 160*w - 4595. Calculate u(123).
-44
Let f(j) = 3*j**3 + 3*j**2 - 5*j - 43. Give f(-3).
-82
Let m(j) = 2*j**2 - 73*j - 2169. Determine m(56).
15
Let c(m) = -2610*m - 15640. Determine c(-6).
20
Let i(g) = 400*g - 1998. What is i(5)?
2
Let c(v) = v**3 - 17*v**2 - 3*v + 56. Determine c(17).
5
Let u(n) = 13*n + 181. What is u(-19)?
-66
Let f(r) = 5*r**2 - 118*r - 139. Give f(25).
36
Let x(u) = -37*u + 2036. Give x(55).
1
Let k(c) = c**2 + 144*c + 5146. Give k(-65).
11
Let d(p) = -6*p + 29. Calculate d(30).
-151
Let j(b) = 3*b**2 + 11*b - 50. What is j(-9)?
94
Let d(u) = 3*u**2 + 18*u - 7. Calculate d(0).
-7
Let o(n) = n**3 - 87*n**2 + 332*n - 31. Calculate o(83).
-31
Let p(y) = -70*y - 665. Calculate p(-10).
35
Let s(p) = p**2 + 141*p + 815. Give s(-6).
5
Let u(s) = -s - 30. Determine u(-1).
-29
Let m(b) = -3*b - 18. Calculate m(-7).
3
Let p(i) = -i**3 + 19*i**2 - 72*i + 7. Determine p(14).
-21
Let p(c) = -6*c**2 + 14*c - 35. Calculate p(3).
-47
Let v(t) = t**2 - 7*t - 3. What is v(6)?
-9
Let d(j) = -27*j**2 + 10*j + 19. Calculate d(-2).
-109
Let a(b) = 15*b**2 - 11*b - 10. Calculate a(-1).
16
Let u(w) = -w**3 - 54*w**2 - 51*w + 88. What is u(-53)?
-18
Let g(r) = 5*r**2 - 298*r - 439. Calculate g(61).
-12
Let g(h) = h**2 - 93*h + 271. Determine g(3).
1
Let k(w) = -2*w**2 - 38*w - 92. Calculate k(-16).
4
Let z(h) = 2*h**2 + 103*h + 304. Give z(-49).
59
Let u(b) = 38*b + 254. Determine u(-4).
102
Let j(t) = t**3 - 18*t**2 - 146*t + 46. Give j(24).
-2
Let i(j) = -1479*j + 10354. Calculate i(7).
1
Let b(y) = -53*y + 2373. Calculate b(45).
-12
Let k(z) = 32*z + 269. What is k(-6)?
77
Let h(a) = -255*a - 1788. Give h(-8).
252
Let p(r) = -r**2 + 5*r + 226. Calculate p(15).
76
Let r(l) = -l**2 - 24*l + 3493. What is r(48)?
37
Let g(t) = -14*t + 63. Give g(6).
-21
Let h(x) = -14*x**3 - 5*x**2 + 9*x - 4. Calculate h(-3).
302
Let c(n) = n**3 - 23*n**2 + 41*n - 422. What is c(22)?
-4
Let z(c) = c**2 - 8*c - 344. Determine z(-15).
1
Let d(y) = 36*y**2 - 71*y + 18. Calculate d(4).
310
Let w(s) = -s**3 + 7*s**2 + 15*s - 80. Determine w(8).
-24
Let z(t) = 480*t - 4320. What is z(9)?
0
Let o(v) = -45*v - 668. What is o(-15)?
7
Let r(m) = -2*m**2 - 36*m + 39. Determine r(-20).
-41
Let f(y) = -y**3 + 90*y**2 + 186*y - 269. What is f(92)?
-85
